{"id":2506,"date":"2023-05-19T09:55:27","date_gmt":"2023-05-19T09:55:27","guid":{"rendered":"http:\/\/formazione.iuse.it\/eucompetitions\/?page_id=2506"},"modified":"2023-06-13T10:06:01","modified_gmt":"2023-06-13T10:06:01","slug":"eu-careers-lab-giugno-2023","status":"publish","type":"page","link":"https:\/\/formazione.iuse.it\/eucompetitions\/eu-careers-lab-giugno-2023\/","title":{"rendered":"EU Careers Lab &#8211; Giugno 2023"},"content":{"rendered":"<hr style=\"clear: both;\" \/>\n<h2>EUROPEAN CAREERS LAB \u2013 PREPARAZIONE <em>ONLINE<\/em> AI CONCORSI EPSO<br \/>\n19 \u2013 30 GIUGNO 2023<\/h2>\n<p>&nbsp;<\/p>\n<table>\n<tbody>\n<tr>\n<td>\n<h3>Destinatari<\/h3>\n<\/td>\n<td>Laureandi, laureati e giovani professionisti che si preparano ai concorsi.<\/td>\n<\/tr>\n<tr>\n<td>\n<h3>Modalit\u00e0 di svolgimento<\/h3>\n<\/td>\n<td>Il corso avr\u00e0 luogo <strong>dal 19 al 30 giugno 2023<\/strong> in modalit\u00e0 <strong>online<\/strong>. Il programma prevede 20 ore tra lezioni ed esercitazioni, articolate in 10 webinar della durata due ore ciascuno, <strong>in orario 17-19<\/strong>, previa iscrizione e rilascio delle credenziali di accesso.<\/td>\n<\/tr>\n<tr>\n<td>\n<h3>Programma<\/h3>\n<\/td>\n<td>Il programma \u00e8 dedicato alla spiegazione delle tecniche di soluzione e ad esercitazioni guidate sulle 4 diverse prove che compongono i test a scelta multipla su computer:<\/p>\n<p>\u2022 ragionamento verbale<br \/>\n\u2022 ragionamento numerico<br \/>\n\u2022 ragionamento astratto<br \/>\n\u2022 questionario a risposta multipla EU knowledge test su funzionamento, politiche e procedure europee.<br \/>\n\u2022 written test (usually a case study) to assess candidates\u2019 drafting skills con approfondimento sulle 8 soft skills<\/td>\n<\/tr>\n<tr>\n<td>\n<h3>Lingua di lavoro<\/h3>\n<\/td>\n<td>Italiano e inglese.<\/td>\n<\/tr>\n<tr>\n<td>\n<h3>Costi<\/h3>\n<\/td>\n<td>Il costo del corso \u00e8 di <strong>250,00 euro per gli studenti iscritti a <a href=\"https:\/\/unito.it\">UniTO<\/a> e per chi si iscrive entro il 5 giugno<\/strong> e di 350,00 euro per le iscrizioni giunte successivamente.<\/td>\n<\/tr>\n<tr>\n<td>\n<h3>Iscrizioni<\/h3>\n<\/td>\n<td>Le iscrizioni sono aperte e si chiuderanno non appena raggiunto il numero massimo di 30 iscritti (secondo la formula first come, first served).<br \/>\nPer iscriversi \u00e8 necessario compilare il <strong><a href=\"#form\">form di iscrizione online<\/a><\/strong>.<br \/>\n<strong>Il corso si terr\u00e0 al raggiungimento del numero minimo di 12 iscritti.<\/strong><\/td>\n<\/tr>\n<tr>\n<td>\n<h3>Contatti<\/h3>\n<\/td>\n<td>ISTITUTO UNIVERSITARIO DI STUDI EUROPEI<br \/>\nCampus Luigi Einaudi &#8211; Lungo Dora Siena 100, 10153 Torino, Italy<br \/>\ntel: 011 670 9424<br \/>\ne-mail: <a href=\"mailto:eucompetitions@iuse.it\">eucompetitions@iuse.it<\/a><\/td>\n<\/tr>\n<\/tbody>\n<\/table>\n<h2><a name=\"form\"><\/a>Iscrizioni<\/h2>\n[caldera_form id=&#8221;CF6467485ddbfd9&#8243;]\n","protected":false},"excerpt":{"rendered":"<p>EUROPEAN CAREERS LAB \u2013 PREPARAZIONE ONLINE AI CONCORSI EPSO 19 \u2013 30 GIUGNO 2023 &nbsp; Destinatari Laureandi, laureati e giovani professionisti che si preparano ai concorsi. Modalit\u00e0 di svolgimento Il corso avr\u00e0 luogo dal 19 al 30 giugno 2023 in modalit\u00e0 online. Il programma prevede 20 ore tra lezioni ed esercitazioni, articolate in 10 webinar [&hellip;]<\/p>\n","protected":false},"author":1,"featured_media":0,"parent":0,"menu_order":0,"comment_status":"closed","ping_status":"closed","template":"","meta":{"footnotes":""},"_links":{"self":[{"href":"https:\/\/formazione.iuse.it\/eucompetitions\/wp-json\/wp\/v2\/pages\/2506"}],"collection":[{"href":"https:\/\/formazione.iuse.it\/eucompetitions\/wp-json\/wp\/v2\/pages"}],"about":[{"href":"https:\/\/formazione.iuse.it\/eucompetitions\/wp-json\/wp\/v2\/types\/page"}],"author":[{"embeddable":true,"href":"https:\/\/formazione.iuse.it\/eucompetitions\/wp-json\/wp\/v2\/users\/1"}],"replies":[{"embeddable":true,"href":"https:\/\/formazione.iuse.it\/eucompetitions\/wp-json\/wp\/v2\/comments?post=2506"}],"version-history":[{"count":7,"href":"https:\/\/formazione.iuse.it\/eucompetitions\/wp-json\/wp\/v2\/pages\/2506\/revisions"}],"predecessor-version":[{"id":2526,"href":"https:\/\/formazione.iuse.it\/eucompetitions\/wp-json\/wp\/v2\/pages\/2506\/revisions\/2526"}],"wp:attachment":[{"href":"https:\/\/formazione.iuse.it\/eucompetitions\/wp-json\/wp\/v2\/media?parent=2506"}],"curies":[{"name":"wp","href":"https:\/\/api.w.org\/{rel}","templated":true}]}}